- g = 26. Calculate the highest common factor of 90 and n.
10
Let p be (32 - 5)*1/3. Let c(y) be the first derivative of 2*y**2 - 5*y - 1. Let o be c(8). What is the highest common factor of p and o?
9
Suppose -a + 19 + 47 = 0. Suppose -p = -j + 12, -4*p - 4*j - 12 = -3*p. Let l = p + 23. What is the greatest common divisor of a and l?
11
Suppose 2*v = 6*v - 4. Calculate the highest common factor of v and 1.
1
Suppose 0 = -o + a + 6 + 1, 4*o - 18 = -a. Let k be 3/(-12) + (-202)/(-8). What is the greatest common factor of k and o?
5
Suppose -1 + 61 = 4*p. What is the highest common factor of p and 60?
15
Let s be (8/30)/((-3)/(-18))*15. Let c(m) = -7*m**3 + m**2 - m - 1. Let a be c(-1). What is the greatest common factor of s and a?
8
Let t be (198/4)/(4 + (-35)/10). Calculate the highest common factor of t and 11.
11
Let f(w) = 29*w - 11. Let t be f(7). Calculate the greatest common divisor of t and 12.
12
Let m = 11 + -7. Let o be 85/15 - m/6. Let r = -4 + o. What is the highest common factor of 11 and r?
1
Let s(v) = 3*v**2 - 15*v - 6. Let b be s(6). Calculate the greatest common divisor of b and 9.
3
Let q be 180/8 + (-4)/8. Suppose 3*o - q - 2 = 0. Calculate the highest common divisor of 12 and o.
4
Suppose 2*t + 8 = -5*h + 29, 0 = -h - 2*t + 1. Let v = -4 + h. Calculate the highest common divisor of 9 and v.
1
Let x(a) = -127*a - 2. Let k be x(-1). Calculate the highest common factor of 25 and k.
25
Let p be 26/6 + (-2)/(-3). What is the highest common factor of p and 10?
5
Suppose 4*p - 60 = -0*x + 5*x, 0 = -4*p - 3*x + 92. What is the highest common factor of p and 160?
20
Let i(s) = -s**2 - 9*s + 11. Let b be i(-8). Suppose 4*w - 3*z - b = 0, w - 2*z + 2 = z. What is the greatest common divisor of 56 and w?
7
Suppose -4*u - 39 = -3*r, -4*r + 0*u + 33 = u. What is the highest common divisor of 72 and r?
9
Suppose 0 = 3*n - 22 - 38. Let t be (-5)/((-10)/24) - 4. Calculate the greatest common factor of n and t.
4
Let l be (2/2)/(-1) - -3. Suppose 4*h + 2*u - 70 = 0, 6*h + 5*u + 95 = 11*h. Calculate the highest common divisor of l and h.
2
Suppose 0 = f + 3*f - 64. What is the greatest common divisor of 1 and f?
1
Let k = -12 - -17. Let f = 2 + k. What is the greatest common divisor of 7 and f?
7
Let j = 26 - 24. Suppose -j*r + 21 - 7 = 0. Calculate the highest common divisor of r and 1.
1
Suppose 0 = -6*m - 0*m + 36. What is the highest common factor of 24 and m?
6
Let l = 11 - -8. Suppose 2*k = k + 19. What is the highest common factor of k and l?
19
Suppose 4*t = 25 - 1. Suppose -f + 42 = 2*z + f, 3*f = 3*z - 45. Calculate the greatest common divisor of z and t.
6
Let c = 3 + 0. Suppose c*l - 622 = -166. What is the highest common divisor of 19 and l?
19
Let t(j) = -4*j - 1. Let c(v) = -v**3 - 6*v**2 + v + 4. Let r be c(-6). Let d be t(r). What is the greatest common factor of 56 and d?
7
Suppose -1 = -2*f + 3. Suppose -4*x + 50 = -f*x. Calculate the highest common divisor of x and 275.
25
Let u(m) = -10*m - 6. Let w be u(7). Let h = 108 + w. Let o = h + -18. Calculate the greatest common divisor of o and 14.
14
Suppose n = -23 + 83. Calculate the highest common divisor of 18 and n.
6
Let m be -1 + (39 - (0 + 2)). What is the greatest common divisor of 24 and m?
12
Let x = -18 - -29. Calculate the highest common factor of 55 and x.
11
Let b(f) = f**3 + 5*f**2 + 4*f + 1. Let y be b(-3). Calculate the highest common factor of y and 21.
7
Let m be (-8)/6*-3 - (-196 + -25). What is the greatest common factor of m and 9?
9
Suppose -6*w - 540 = -11*w. Let o be 8/(-3)*w/(-48). What is the highest common divisor of o and 48?
6
Let t be (-10)/(-14) + (-6)/(-21). What is the highest common factor of t and 2?
1
Suppose -2*t = 2*h - 14, -2*h = 3*h + 4*t - 35. Calculate the highest common factor of 63 and h.
7
Let c(w) = w**3 - 6*w**2 + 3. Let p be c(6). What is the highest common factor of p and 27?
3
Let t(v) be the third derivative of -v**6/120 - v**5/12 - v**4/24 + v**3 + 8*v**2. Let u be t(-5). Calculate the greatest common divisor of u and 99.
11
Let z(w) = -w**2 + 10*w - 5. Let i = 8 + -1. Let l be z(i). Calculate the greatest common divisor of l and 8.
8
Let w = 12 - 6. Suppose 0 = -w*g + 2*g + 240. What is the greatest common factor of g and 12?
12
Let u(p) = 5*p**2 - 6*p - 5. Let y be u(5). Let x = -17 - -27. Suppose h - x = -0*h. What is the highest common factor of h and y?
10
Suppose -b + 5*b = x + 29, -55 = -5*b + 5*x. Let h = b - -7. Calculate the highest common factor of 143 and h.
13
Suppose -2*n = n + 240. Let j = 119 + n. What is the greatest common divisor of j and 13?
13
Suppose -10*x + 677 = -1223. Calculate the highest common divisor of x and 76.
38
Let u = 20 + 30. Suppose 6 = a - u. Calculate the greatest common divisor of 8 and a.
8
Suppose b = -3*z - 3*b + 33, 2*b + 6 = 0. Let i be 60 - 0/1*-1. Calculate the greatest common factor of z and i.
15
Let t(i) = -4*i + i - 1 - 3*i - 3. Let n be t(-3). Calculate the greatest common factor of 35 and n.
7
Let m be 4/6*3 + 99 + -10. Calculate the highest common divisor of m and 7.
7
Let v(x) = -3*x. Let l be v(2). Let g = 2 - l. Calculate the highest common divisor of g and 1.
1
Suppose 5*s - 5 = -2*z + 39, -68 = -5*z - 2*s. Let w be 2/(-8) - 73/(-4). What is the highest common divisor of w and z?
6
Let m(t) = -2*t - 2. Let z be m(-10). What is the highest common factor of 27 and z?
9
Let k be -1 + (4/(-8) + -3)*-38. Calculate the highest common divisor of k and 12.
12
Suppose -4*v = -12, -2*b - 1108 = -6*b - 4*v. Suppose b - 10 = 4*h. What is the highest common divisor of h and 6?
6
Let m = 10 - 7. Suppose l = m*a + 2*a + 38, 5*a = -2*l + 1. What is the highest common factor of 143 and l?
13
Suppose -3*o + 3*x + 87 = 0, -o - 3*x + 2 + 7 = 0. Suppose 2*d - d + 9 = 0. Let z(u) = -u - 3. Let r be z(d). What is the greatest common divisor of o and r?
6
Suppose 3*d = -4*d + 217. Calculate the greatest common divisor of d and 62.
31
Let r(p) = p**2 + 6*p - 3. Let v be r(-7). Let y = 10 - v. Calculate the greatest common factor of 48 and y.
6
Suppose -4*y - 4*l + 32 = -l, 3*l = -5*y + 37. Suppose 2*h + 2*i + 4 = -2, -y*h = 4*i + 10. Calculate the greatest common factor of 22 and h.
2
Let a be (-12)/10*(-20)/6. Let h(y) = y**2 - 4*y - 8. Let b be h(6). Suppose b*j + a*k - 46 - 38 = 0, k = 5. What is the greatest common factor of 24 and j?
8
Let j = 1 + -4. Let h be 21*(2/j + 1). Suppose -3*l - 127 + h = -5*b, 0 = -b - 2*l + 24. What is the highest common factor of 16 and b?
8
Let j(z) = 3*z - 7. Let l be j(4). Suppose q + l*g = 30, 0*q - 5*g + 35 = 2*q. What is the greatest common divisor of 25 and q?
5
Suppose 0*d + 3*k = -5*d - 30, -5*d - 65 = -4*k. Let o be 14 + d/3 + -3. Calculate the highest common divisor of o and 4.
4
Let y be (-4)/(-10) + (-6)/(-10). Suppose g - 18 - y = 0. Calculate the highest common factor of g and 95.
19
Let u = -60 + 84. Let k be (-4)/((u/(-52))/3). What is the highest common factor of 104 and k?
26
Let d = 40 - 22. Calculate the highest common factor of 144 and d.
18
Let t be (-45)/(-6)*(-132)/5. Let c = -134 - t. What is the highest common divisor of 8 and c?
8
Let f(p) = -5*p**3. Let a be f(-1). Suppose 2*z - a = 1. Suppose 2*r = 6, -z*y + y + 73 = -5*r. Calculate the highest common factor of y and 11.
11
Let t be (-4)/1 - (-1 - -3). Let x(p) = -p + 4. Let m be x(t). Calculate the highest common divisor of m and 20.
10
Let d be 1 - -1*(82 - 3). Suppose 3*b = 2*b + 10. Suppose o = 5*h - b, 0*o - 2*o + 2*h = -12. Calculate the highest common divisor of o and d.
10
Let p be (-396)/(-14) - 14/49. Calculate the highest common divisor of 84 and p.
28
Let u be -2*2/(-4) + (-29 - -233). Calculate the greatest common divisor of u and 82.
41
Suppose 96 = -14*y + 17*y. What is the highest common divisor of y and 4?
4
Let a = 86 + -52. Suppose -20 = -2*h + 20. Let x = a - h. What is the highest common factor of x and 112?
14
Let x = -209 - -223. Suppose -3*s + 28 = s. Calculate the greatest common divisor of s and x.
7
Suppose 0 = 16*u - 18*u + 22. What is the greatest common divisor of 44 and u?
11
Let q = 220 + -154. What is the highest common divisor of 6 and q?
6
Let s(l) = -l**3 + 9*l**2 + 8*l - 4. Let q be s(10). Let a be q/9*(2 - 68). What is the greatest c